 = -4, g + 5*j = -13. Suppose -d - 2*d = -2*h - 20, 3*h + g*d = -17. Let a(f) = -f**2 - 10*f - 3. Does 16 divide a(h)?
False
Suppose 4*y + 31 + 161 = 0. Does 6 divide (3/(-4))/(1/y)?
True
Let z be (89/(-7) - -5) + 2/(-7). Let g = 23 - -53. Is 14 a factor of (-1 + -1)*g/z?
False
Suppose -5*x - 310 = -10*x. Is 8 a factor of x?
False
Let c = -16 + 19. Suppose 33 = -0*x + c*x. Is 11 a factor of x?
True
Let u be (-3)/(-2 - (-7)/5). Suppose -u*b = 2*c + 59, -4*c - b - 59 - 50 = 0. Is 10 a factor of 1/2*-2 - c?
False
Does 6 divide ((-12)/(-10))/(((-1)/(-15))/1)?
True
Let m = 62 + -99. Let f = m - -70. Is f a multiple of 10?
False
Let q(h) = -4*h**2 + 16*h. Is q(3) a multiple of 3?
True
Let n(j) = -j**3 - 10*j**2 + 8*j + 15. Is 6 a factor of n(-11)?
True
Let l = -11 + 65. Suppose -5*r + 126 + l = 0. Does 18 divide r?
True
Suppose -10 + 50 = 4*s. Suppose s = -5*q + 35. Suppose -q*k - 5*m = -65, 3*m - 2 = -k + 1. Does 9 divide k?
True
Suppose -2*f + 600 = 6*f. Is 34 a factor of f?
False
Let i(q) be the first derivative of 3*q**2/2 - 19*q - 1. Is i(14) a multiple of 10?
False
Let h = 1 + 5. Suppose -h*a + a = 0. Suppose a = -f + 6 + 22. Is 10 a factor of f?
False
Suppose 0 = -3*a - 46 - 20. Let w = -13 - a. Is w a multiple of 3?
True
Let b(h) = h**2 + 7*h - 1. Let d be b(5). Suppose 0 = -6*f + f - x + d, -f - 3*x = -23. Does 8 divide 222/f + (-8)/44?
False
Let h be 2/2 - 1 - -56. Is 7 a factor of h/(-12)*6/(-2)?
True
Suppose -2*g + 281 = 2*p - 21, 2*p = 4*g + 332. Does 36 divide p?
False
Let f(t) = 56*t**2 - 2*t + 2. Is 16 a factor of f(2)?
False
Suppose -4*v = 3*q - 557, -5*v = -4*q + 27 + 726. Does 22 divide q?
False
Let r(n) be the second derivative of 2*n**4/3 - n**3/6 - n**2/2 + 3*n. Let g(q) = q**3 - 5*q**2 - 5*q - 7. Let c be g(6). Is 7 a factor of r(c)?
False
Let u = 22 - 12. Suppose 0 = -0*y + 5*y + u. Does 13 divide ((-27)/2 - 1)*y?
False
Let h be 0 - 1*1*33. Let x be (-138)/h - (-2)/(-11). Suppose -x*a - 2*w = -0*w - 72, -3*a - 5*w = -61. Is 14 a factor of a?
False
Let f = 28 - 3. Let r = f - -5. Does 12 divide r?
False
Let q(p) = -p**2 - 9*p. Let n be q(-8). Suppose -2*c - n = 2*c. Is (105/(-6) - 2)*c a multiple of 22?
False
Let v = -29 + -24. Let b = 88 + v. Does 16 divide b?
False
Let d(f) = -43*f - 7. Does 18 divide d(-1)?
True
Suppose -11*a + 561 + 792 = 0. Is 24 a factor of a?
False
Suppose -5*s + 10 + 55 = 0. Let q(g) = 4*g + 2. Let r be q(1). Suppose -r = -y - 2*c, -y + c + s + 8 = 0. Is 7 a factor of y?
False
Let m = 197 - 125. Does 21 divide m?
False
Let k(n) = n**2 - 7*n - 6. Is 4 a factor of k(-4)?
False
Let u(s) = 14*s - 5. Let p be u(7). Let j = 149 - p. Is 23 a factor of j?
False
Let f(b) be the second derivative of -b**5/20 + 2*b**4/3 + 3*b**3/2 - 7*b**2/2 + 9*b. Does 13 divide f(8)?
True
Let k(f) = 12*f**2 + 3*f - 2. Is k(2) a multiple of 28?
False
Let s = 5 - 5. Suppose -5*u + s*u - 28 = -b, -4*b - 3*u = -112. Does 11 divide b?
False
Suppose f = -f - n, 4*n = -16. Does 4 divide -5*(-6)/f + 1?
True
Let s be ((-2)/(-4))/((-2)/(-40)). Suppose -s = -j + 7*y - 2*y, -j = -2*y - 10. Is 8 a factor of j?
False
Let j(k) = -2*k**2 - 1 + k**3 - k - 4 + 2. Let z be j(3). Does 10 divide 6*z/12*14?
False
Let i = 2 + 22. Is 10 a factor of i?
False
Suppose -3*c = 2*c - 10. Let l be c/(-7) + (-828)/(-7). Suppose o = 4*j - 0*j - 98, 5*j - l = -o. Is j a multiple of 12?
True
Suppose 0 = -2*i + 3*g + 54, 0*g - 94 = -3*i - 2*g. Is 15 a factor of i?
True
Let j(c) = -c**2 + 3*c + 6. Let p(h) = 2*h**2 - 7*h - 13. Let s(q) = -5*j(q) - 2*p(q). Is 14 a factor of s(6)?
False
Let w(z) = z**3 - 5*z**2 + 2*z - 6. Let n be 1/4 - 57/(-12). Let p be w(n). Suppose i = p*m - 11, 13 = 3*m + i + 3*i. Is m even?
False
Let c(p) be the first derivative of -p**4/4 - p**3 + 3*p**2/2 + 3*p - 2. Let r be c(-4). Suppose -r = -i + 17. Is 17 a factor of i?
False
Let t = 352 - 181. Is t a multiple of 19?
True
Is 11 a factor of (-1 + (-427)/2)*6/(-9)?
True
Let j be -5*4*(-18)/45. Suppose -2*a = -5*h - 130, h + j - 66 = -a. Is a a multiple of 12?
True
Let i = -16 - -22. Let t(h) = -9 + 11 + 11 - h. Does 6 divide t(i)?
False
Let n be 0 - -93 - (6 + -8). Suppose 7*w - 4*l - 85 = 2*w, -5*w + 2*l + n = 0. Does 21 divide w?
True
Suppose 0 = -5*a - 2*c + 55, 0*c + 5*c = 25. Let k(s) = 3*s**2 + 5*s**2 + s**3 - 9*s + 3 + a. Is k(-9) a multiple of 12?
True
Is (18/(-3) - -4) + 29 a multiple of 5?
False
Let h(k) = 3*k**2 + k. Suppose 2 = -c - 0. Is 5 a factor of h(c)?
True
Suppose 0 = -5*s + h + 11, 4*s - h - 20 = -3*h. Suppose -s*m - 5 + 26 = 0. Let r = 23 - m. Does 7 divide r?
False
Does 13 divide 75/6*4 + (2 - 0)?
True
Let j be 16/56 + 187/7. Let v = j - 13. Is v a multiple of 4?
False
Suppose 2*z + 2*z = 264. Let y = z + -97. Let s = 47 + y. Is 8 a factor of s?
True
Let a(i) = -i**3 + 5*i**2 + 10*i - 6. Does 6 divide a(6)?
True
Let h be 13 + -1 + (-6)/3. Let a = 18 - h. Suppose 2*f - f = a. Is 8 a factor of f?
True
Suppose -2*l + 5*l - 9 = 0, -5*d + l = -782. Does 31 divide d?
False
Suppose -x = -4*x + 96. Is x a multiple of 9?
False
Is (-74)/((-4)/2 + 0) a multiple of 11?
False
Suppose -2*g = -22 - 2. Let d be 2/(-3) - (-308)/g. Suppose y - d = 12. Does 14 divide y?
False
Let g = 217 + -139. Is g a multiple of 20?
False
Is 15 a factor of -2 + 4 + 28/1?
True
Let i = 7 + -3. Suppose -3*j = i*d - 32, -3*j - 5*d + 29 = -2*j. Suppose 6*s - 52 = 2*s - j*b, -3*s = 5*b - 39. Is 13 a factor of s?
True
Let c = -8 + 11. Suppose 2*p - 8*v = -c*v + 29, p + 2*v = -8. Suppose 2*i = -s + p*s - 10, 0 = -3*s - 4*i + 10. Is s a multiple of 3?
True
Let d be (222/6)/((-1)/(-5)). Suppose 0 = 5*l + 4*x + 47 - 352, 3*l + 2*x = d. Suppose 3*i - 4*i + 1 = -5*c, 0 = 5*i + 5*c - l. Is 11 a factor of i?
True
Let o(s) be the third derivative of -5*s**4/12 + s**3/6 - 2*s**2. Suppose -5*y - 4*m = 21, -y + 4*m + 11 = 4*y. Does 4 divide o(y)?
False
Let v(k) = k**2 + 12*k + 12. Let p = -23 - -11. Is v(p) a multiple of 12?
True
Let q be (-8)/(2*2/(-6)). Suppose m = x - 4*m + q, -3*x + 5*m = 6. Suppose h = -x*h + 28. Does 5 divide h?
False
Suppose 0 = -5*a + 2*a + 42. Suppose 0 = 2*i + v - 7, -a = -4*v - 34. Does 4 divide i?
False
Suppose 3 = f + 9. Let a = 12 + f. Is 2 a factor of a?
True
Let k = 4 - -1. Suppose 3*s = -2*s - 4*p + 21, k*p = 2*s + 18. Is 1 + s + (16 - 1) a multiple of 13?
False
Let t be (-3)/(-9)*3*-6. Let x = -4 - t. Suppose 0 = -x*s + 3 + 13. Is s a multiple of 3?
False
Let d = -3 - -8. Let o = d + -1. Is 24/o - (-1 + -1) a multiple of 5?
False
Let j(h) = -h**2 - 6*h - 3. Let y be j(-4). Suppose -4*k = 3*z - 84, y*k = -2*z - 6 + 104. Is k a multiple of 6?
True
Suppose 13*n - 5*n = 192. Does 4 divide n?
True
Suppose -861 = -15*h - 261. Is h a multiple of 14?
False
Suppose p + 3 - 14 = -2*i, 3*i = -3*p + 21. Let w(b) = b**2 - 3*b + 4. Does 4 divide w(p)?
True
Let g be 6/(-15) + 24/10. Suppose -g*a + 64 = -4*n - 0*n, 0 = 5*a - 3*n - 139. Is a a multiple of 14?
False
Let m(x) = -x + 11. Let u be m(8). Suppose -3*s - 18 = -2*f, 2*f + u*f - 32 = s. Let j = 8 - f. Is j a multiple of 2?
True
Let n be (1 - 0 - 1)/(-1). Suppose 4*o - 223 = -5*a, 4*o - 5*a = -n*o + 273. Suppose 0*g = -3*g + 2*m + o, -5*m = g - 15. Does 10 divide g?
True
Let n(k) = 117*k + 3. Let m be n(3). Is m/8 - (-2)/(-8) a multiple of 15?
False
Let u(r) be the second derivative of r**4/12 + r**2/2 + 2*r. Let n be u(2). Suppose 5*t - 125 = -5*c, t + 0*c - 37 = -n*c. Is 10 a factor of t?
False
Let j(y) = -8*y - 2. Let v(d) = -d**3 + 8*d**2 - d + 5. Let u be v(8). Is 22 a factor of j(u)?
True
Let r(k) = -k + 3. Let s be r(3). Let h(f) = -f**3 - 3*f**2 - 7*f - 5. Let y be h(-4). Suppose t - 2*t + y = s. Is 10 a factor of t?
False
Suppose 4*v + 6 = 3*v. Does 7 divide v/12 + (-82)/(-4)?
False
Suppose 4*j + 1 = 13. Suppose 0 = -j*q + 2*v + 109, 4*q - v - 142 = -0*q. Is q a multiple of 16?
False
Suppose 36 = -11*f + 8*f. Does 2 divide ((-6)/f)/((-1)/(-12))?
True
Let u = 48 + 57. Is u a multiple of 7?
True
Let b(t) = t**2 + 4*t + 8. Is b(-5) a multiple of 3?
False
Let t(c) be the second derivative of c**4/6 - c**2 - 3*c. Is 5 a factor of t(3)?
False
Let q = 63 - -19. Suppose 5*i = 2*o + q + 92, o + 33 = i. Does 18 divide i?
True
Let b(k) = -7*k**3 - 11*k**2 + k - 4. Is b(-4) a multiple of 33?
True
Let o be -1*(-1 + 3 - 6). Suppose -4*n = -o*h -